{"id":882,"date":"2023-12-18T23:27:35","date_gmt":"2023-12-19T02:27:35","guid":{"rendered":"https:\/\/margenapp.com\/?page_id=882"},"modified":"2023-12-18T23:53:04","modified_gmt":"2023-12-19T02:53:04","slug":"ruta-accesible","status":"publish","type":"page","link":"https:\/\/margenapp.com\/index.php\/ruta-accesible\/","title":{"rendered":"Ruta Accesible"},"content":{"rendered":"\n<div class=\"wp-block-stackable-heading stk-block-heading stk-block-heading--v2 stk-block stk-f90fca5\" id=\"span-style-color-062-ada-class-stk-highlight-normativa-vigente-span\" data-block-id=\"f90fca5\"><style>.stk-f90fca5 .stk-block-heading__text{font-family:\"Montserrat\",Sans-serif !important}<\/style><h2 class=\"stk-block-heading__text\"><span style=\"color: #062ada;\" class=\"stk-highlight\">NORMATIVA VIGENTE<\/span><\/h2><\/div>\n\n\n\n<div class=\"wp-block-stackable-card stk-block-card stk-block stk-93bd5d3 is-style-default\" data-v=\"2\" data-block-id=\"93bd5d3\"><style>.stk-93bd5d3 .stk-block-card__image{height:450px !important}.stk-93bd5d3 .stk-block-card__image img{object-position:47% 60% !important;object-fit:cover !important}<\/style><div class=\"stk--no-padding stk-container stk-93bd5d3-container stk-hover-parent\"><figure class=\"stk-block-card__image stk-img-wrapper stk-image--shape-stretch\"><img loading=\"lazy\" decoding=\"async\" class=\"stk-img wp-image-878\" src=\"http:\/\/margenapp.com\/wp-content\/uploads\/2023\/12\/ascensor-especial-personas-discapacidad-fisica-scaled.jpg\" width=\"2560\" height=\"1570\" srcset=\"https:\/\/margenapp.com\/wp-content\/uploads\/2023\/12\/ascensor-especial-personas-discapacidad-fisica-scaled.jpg 2560w, https:\/\/margenapp.com\/wp-content\/uploads\/2023\/12\/ascensor-especial-personas-discapacidad-fisica-300x184.jpg 300w, https:\/\/margenapp.com\/wp-content\/uploads\/2023\/12\/ascensor-especial-personas-discapacidad-fisica-1024x628.jpg 1024w, https:\/\/margenapp.com\/wp-content\/uploads\/2023\/12\/ascensor-especial-personas-discapacidad-fisica-768x471.jpg 768w, https:\/\/margenapp.com\/wp-content\/uploads\/2023\/12\/ascensor-especial-personas-discapacidad-fisica-1536x942.jpg 1536w, https:\/\/margenapp.com\/wp-content\/uploads\/2023\/12\/ascensor-especial-personas-discapacidad-fisica-2048x1256.jpg 2048w\" sizes=\"(max-width: 2560px) 100vw, 2560px\" \/><\/figure><div class=\"stk-container-padding stk-block-card__content\"><div class=\"stk-block-content stk-inner-blocks stk-93bd5d3-inner-blocks\">\n<div class=\"wp-block-stackable-heading stk-block-heading stk-block-heading--v2 stk-block stk-e1292dc\" id=\"span-style-color-062-ada-class-stk-highlight-accesibilidad-universal-span\" data-block-id=\"e1292dc\"><h2 class=\"stk-block-heading__text\"><span style=\"color: #062ada;\" class=\"stk-highlight\">Accesibilidad Universal<\/span><\/h2><\/div>\n\n\n\n<div class=\"wp-block-stackable-subtitle stk-block-subtitle stk-block stk-42ad2a0\" data-block-id=\"42ad2a0\"><p class=\"stk-block-subtitle__text stk-subtitle\"><strong><span style=\"color: var(--theme-palette-color-3, #504e4a);\" class=\"stk-highlight\">DECRETO MINVU N\u00ba 50 DEL 04 DE MARZO DE 2016.<\/span><\/strong><\/p><\/div>\n\n\n\n<p><span style=\"color: var(--theme-palette-color-3, #504e4a);\" class=\"stk-highlight\">En el Art\u00edculo 1.1 define : \u00abRuta Accesible: Parte de una vereda o de una circulaci\u00f3n peatonal, de ancho continuo, apta para cualquier persona, con pavimento estable, sin elementos sueltos, de superficie homog\u00e9nea.&nbsp;<strong><em>ANTIDESLIZANTE EN SECO Y EN MOJADO<\/em><\/strong>, libre de obst\u00e1culos, gradas o cualquier barrera que dificulte el desplazamiento y percepci\u00f3n de su recorrido.<\/span><\/p>\n\n\n\n<p><span style=\"color: var(--theme-palette-color-3, #504e4a);\" class=\"stk-highlight\">Se entiende por Ruta Accesible&nbsp;<em>cualquier lugar de un edificio p\u00fablico o privado<\/em>&nbsp;donde se atienda p\u00fablico por el cual podr\u00eda transitar una persona desde la vereda hacia el interior del edificio.<\/span><\/p>\n\n\n\n<p><span style=\"color: var(--theme-palette-color-3, #504e4a);\" class=\"stk-highlight\">De acuerdo a lo establecido, las adecuaciones de Accesibilidad deber\u00e1n efectuarse en un plazo m\u00e1ximo de 3 a\u00f1os contados desde su publicaci\u00f3n en el Diario Oficial. Considerando que se public\u00f3 el 4 de Marzo de 2016, el&nbsp;<strong>PLAZO VENCI\u00d3 EL 4 DE MARZO DE 2019<\/strong>.<\/span><\/p>\n\n\n\n<p><span style=\"color: #062ada;\" class=\"stk-highlight\"><strong>\u00bfCU\u00c1LES SON LAS EXIGENCIAS DE ACCESIBILIDAD UNIVERSAL?<\/strong><\/span><\/p>\n\n\n\n<p>Se deber\u00e1n&nbsp;<em>efectuar las adecuaciones<\/em>&nbsp;de accesibilidad que les permitan ser&nbsp;<em>accesibles y utilizables en forma autovalente<\/em>&nbsp;y&nbsp;<em>sin dificultad por personas con discapacidad<\/em>,&nbsp;<em>especialmente por aquellas con movilidad reducida<\/em>. Edificios Nuevos y Existentes que presta un servicio a la comunidad , sin importar su carga de ocupaci\u00f3n , ART 4.1.7 de la OGUC.<\/p>\n\n\n\n<p><strong>NORMATIVA SEG\u00daN TIPO DE EDIFICIOS<\/strong><\/p>\n\n\n\n<p>Seg\u00fan Decreto N\u00ba 201 de 1998 (D.O. 02.02.1999) Establece:<br>A. Que las construcciones sobre las que aplica este r\u00e9gimen son las destinadas a un uso que implique la concurrencia de p\u00fablico, en especial aquellos Que prestan atenci\u00f3n de Salud o Cuyo objeto es desarrollar un Proceso de Ense\u00f1anza-Aprendizaje. Esto significa que esta exigencia se aplica a las edificaciones destinadas a en todas sus clases conforme define la ordenanza General de Urbanismo y Construcciones \u2013 especialmente a Establecimiento de salud y escolares. Tambi\u00e9n se encuentran incluidos en este tipo de edificios aquellos destinados a Estaciones ferroviarias, Terminales de Transporte Terrestre, Recintos Mar\u00edtimos o Portuarios, Instalaciones o Recintos Aeroportuarios.&nbsp;&nbsp;<strong><\/strong><\/p>\n\n\n\n<p><strong><span style=\"color: #062ada;\" class=\"stk-highlight\">SANCIONES POR INCUMPLIMIENTO<\/span><\/strong><\/p>\n\n\n\n<p><strong>ART\u00cdCULO 57<\/strong><\/p>\n\n\n\n<p>Sin perjuicio de las normas administrativas y penales,&nbsp;<strong>toda persona que por causa de una acci\u00f3n u omisi\u00f3n arbitraria o ilegal sufra una amenaza, perturbaci\u00f3n o privaci\u00f3n en el ejercicio de los derechos consagrados en esta ley, podr\u00e1 concurrir<\/strong>, por s\u00ed o por cualquiera a su nombre,&nbsp;<strong>ante el JUEZ DE POLIC\u00cdA LOCAL competente de su domicilio para que adopte las providencias necesarias para asegurar y restablecer el derecho afectado<\/strong><strong>.<\/strong><\/p>\n\n\n\n<p><strong>ART\u00cdCULO 58<\/strong><\/p>\n\n\n\n<p>El que fuere sancionado como autor de un acto u omisi\u00f3n arbitrario o ilegal, en los t\u00e9rminos previstos en el art\u00edculo 57 de esta ley,&nbsp;<strong><em>pagar\u00e1 una multa de 10 a 120 unidades tributarias mensuales.<\/em><br><\/strong>Esta suma ingresar\u00e1 a las arcas del respectivo municipio, para que su destinaci\u00f3n exclusiva a programas y acciones en beneficio de las personas con discapacidad de la comuna.&nbsp;<strong><em>La multa se duplicar\u00e1 en caso de reincidencia.<\/em><br><\/strong>Para el caso de que el denunciado o demandado no adopte las medidas ordenadas por el Juzgado de Polic\u00eda Local correspondiente o bien insista en el incumplimiento de la normativa, adem\u00e1s de la sanci\u00f3n pecuniaria el juez podr\u00e1 decretar la medida de clausura del establecimiento de que se trate.<\/p>\n\n\n\n<p><strong>FUENTE:&nbsp;<\/strong><em>ORDENANZA GENERAL DE URBANISMO Y CONSTRUCCIONES MODIFICACION EN MATERIA DE ACCESIBILIDAD UNIVERSAL&nbsp;NUEVAS NORMAS PARA CIUDADES ACCESIBLES (2016).<\/em><\/p>\n\n\n\n<p><strong><span style=\"color: #062ada;\" class=\"stk-highlight\">MATERIALIDAD DE LA RUTA ACCESIBLE<\/span><\/strong><\/p>\n\n\n\n<p>Ruta Accesible Art\u00edculo 1.1.2 de la OGUC, se aclara la interpretaci\u00f3n que debe atribuirse a \u201c<em>Antideslizante en seco y en mojado\u201d<\/em>&nbsp;considerando que no existe ninguna norma Chilena u otra disposici\u00f3n reglamentaria que defina las caracter\u00edsticas t\u00e9cnicas para este tipo de pavimentos.<\/p>\n\n\n\n<p>La locuci\u00f3n corresponde a una caracter\u00edstica, o a un atributo, de la terminaci\u00f3n de la superficie de un pavimento que forma parte de la Ruta Accesible.<\/p>\n\n\n\n<p>Esta terminaci\u00f3n<em>&nbsp;no debe permitir el deslizamiento o p\u00e9rdida de equilibrio involuntario de una persona, sin perjuicio de que est\u00e9 o no en contacto con agua<\/em>. Esta determinaci\u00f3n puede corresponder a una superficie con una textura rugosa, dada por alg\u00fan tipo de terminaci\u00f3n en particular como ser\u00eda el caso de peque\u00f1as estr\u00edas, asperezas u otra especificaci\u00f3n determinada para el fin consultado.<\/p>\n\n\n\n<p>Respecto de esta caracter\u00edstica o atributo, cabe hacer presente que es el arquitecto, en las respectivas especificaciones t\u00e9cnicas de los pavimentos de la ruta accesible, quien debe determinar cu\u00e1les materiales y\/o soluciones constructivas especificar\u00e1, usando para ello la informaci\u00f3n que los proveedores de pavimentos se\u00f1alan de los mismos. Y en la que se describa si poseen o no, dicha caracter\u00edstica o atributo.<\/p>\n\n\n\n<p><strong>LEY 20.422, Art\u00edculo 28<\/strong><\/p>\n\n\n\n<p>Todo edificio de uso p\u00fablico y todo aquel que, sin importar su carga de ocupaci\u00f3n, preste un servicio a la comunidad, as\u00ed como toda nueva edificaci\u00f3n colectiva, deber\u00e1n ser accesibles y utilizables en forma autovalente y sin dificultad por personas con discapacidad, especialmente por aquellas con movilidad reducida. Asimismo, las Obras que el Estado o los Particulares ejecuten en el espacio p\u00fablico al interior de los l\u00edmites urbanos, y los accesos a los medios de transporte p\u00fablico de pasajeros y a los bienes nacionales de uso p\u00fablico.<\/p>\n\n\n\n<p>Para el cumplimiento de lo dispuesto en el inciso primero de este art\u00edculo, corresponder\u00e1 al Ministerio de Vivienda y Urbanismo establecer las normas a las que deber\u00e1n sujetarse las nuevas obras y edificaciones, as\u00ed como las normas y condiciones para que las obras y edificaciones existentes se ajusten gradualmente a las nuevas exigencias de accesibilidad.<\/p>\n\n\n\n<p>La fiscalizaci\u00f3n del cumplimiento de la normativa tanto en el momento de otorgar un permiso de edificaci\u00f3n y su recepci\u00f3n, como durante el uso de las referidas obras, edificaciones, parques, plazas o \u00e1reas verdes, p\u00fablicos y privados de uso p\u00fablico, y sus instalaciones, ser\u00e1 de responsabilidad de las DIRECCIONES DE OBRAS MUNICIPALES que deber\u00e1n denunciar su incumplimiento ante el juzgado de Polic\u00eda Local, aplic\u00e1ndose al efecto las disposiciones del T\u00edtulo VI de esta Ley.<\/p>\n\n\n\n<p>En&nbsp;<strong>MARGEN<\/strong>&nbsp;Trabajamos con el respaldo de&nbsp;<strong><span style=\"color: #2d1ff2;\" class=\"stk-highlight\">TDP<\/span><\/strong>&nbsp;para&nbsp;apoyar a las empresas responsabilidad social en el cuidado de sus colaboradores, clientes y p\u00fablico en general, aplicando&nbsp;<strong>ANTIDES&nbsp;<\/strong>en accesos, camarines, ba\u00f1os, cabinas de duchas y muchos otros lugares riesgosos de ca\u00eddas, poniendo con ello fin a los accidentes, lesiones, bajas laborales, juicios, indemnizaciones, etc.<\/p>\n<\/div><\/div><\/div><\/div>\n","protected":false},"excerpt":{"rendered":"<p>NORMATIVA VIGENTE Accesibilidad Universal DECRETO MINVU N\u00ba 50 DEL 04 DE MARZO DE 2016. En el Art\u00edculo 1.1 define : \u00abRuta Accesible: Parte de una vereda o de una circulaci\u00f3n peatonal, de ancho continuo, apta para cualquier persona, con pavimento estable, sin elementos sueltos, de superficie homog\u00e9nea.&nbsp;ANTIDESLIZANTE EN SECO Y EN MOJADO, libre de obst\u00e1culos, [&hellip;]<\/p>\n","protected":false},"author":1,"featured_media":0,"parent":0,"menu_order":0,"comment_status":"closed","ping_status":"closed","template":"","meta":{"footnotes":""},"blocksy_meta":[],"featured_image_urls":{"full":"","thumbnail":"","medium":"","medium_large":"","large":"","1536x1536":"","2048x2048":""},"post_excerpt_stackable":"<p>NORMATIVA VIGENTE Accesibilidad Universal DECRETO MINVU N\u00ba 50 DEL 04 DE MARZO DE 2016. En el Art\u00edculo 1.1 define : \u00abRuta Accesible: Parte de una vereda o de una circulaci\u00f3n peatonal, de ancho continuo, apta para cualquier persona, con pavimento estable, sin elementos sueltos, de superficie homog\u00e9nea.&nbsp;ANTIDESLIZANTE EN SECO Y EN MOJADO, libre de obst\u00e1culos, gradas o cualquier barrera que dificulte el desplazamiento y percepci\u00f3n de su recorrido. Se entiende por Ruta Accesible&nbsp;cualquier lugar de un edificio p\u00fablico o privado&nbsp;donde se atienda p\u00fablico por el cual podr\u00eda transitar una persona desde la vereda hacia el interior del edificio. De acuerdo&hellip;<\/p>\n","category_list":"","author_info":{"name":"margenapp.com","url":"https:\/\/margenapp.com\/index.php\/author\/margenapp-com\/"},"comments_num":"0 comentarios","_links":{"self":[{"href":"https:\/\/margenapp.com\/index.php\/wp-json\/wp\/v2\/pages\/882"}],"collection":[{"href":"https:\/\/margenapp.com\/index.php\/wp-json\/wp\/v2\/pages"}],"about":[{"href":"https:\/\/margenapp.com\/index.php\/wp-json\/wp\/v2\/types\/page"}],"author":[{"embeddable":true,"href":"https:\/\/margenapp.com\/index.php\/wp-json\/wp\/v2\/users\/1"}],"replies":[{"embeddable":true,"href":"https:\/\/margenapp.com\/index.php\/wp-json\/wp\/v2\/comments?post=882"}],"version-history":[{"count":3,"href":"https:\/\/margenapp.com\/index.php\/wp-json\/wp\/v2\/pages\/882\/revisions"}],"predecessor-version":[{"id":888,"href":"https:\/\/margenapp.com\/index.php\/wp-json\/wp\/v2\/pages\/882\/revisions\/888"}],"wp:attachment":[{"href":"https:\/\/margenapp.com\/index.php\/wp-json\/wp\/v2\/media?parent=882"}],"curies":[{"name":"wp","href":"https:\/\/api.w.org\/{rel}","templated":true}]}}